{"id":11,"date":"2019-03-21T14:28:02","date_gmt":"2019-03-21T13:28:02","guid":{"rendered":"http:\/\/gpm3.eu\/polish\/?page_id=11"},"modified":"2019-06-21T14:31:54","modified_gmt":"2019-06-21T12:31:54","slug":"o-mnie","status":"publish","type":"page","link":"https:\/\/gpm3.eu\/polish\/o-mnie\/","title":{"rendered":"O mnie"},"content":{"rendered":"<div id=\"dslc-main\">\n\t\t<div  class=\"dslc-modules-section \" style=\"padding-bottom:45px;padding-top:45px;background-image:url(https:\/\/gpm3.eu\/polish\/wp-content\/uploads\/sites\/2\/2019\/04\/tlo.jpg);background-position:center center;background-size:cover;\" data-section-id=\"0994faf3320\">\n\t\t\t\t<div class=\"dslc-bg-video dslc-force-show\"><div class=\"dslc-bg-video-overlay\" style=\"background-color:#08214e; opacity:0.85; \"><\/div><\/div>\n\t\t\t\t\n\t\t\t\t<div class=\"dslc-modules-section-wrapper dslc-clearfix\"><div class=\"dslc-modules-area dslc-col dslc-2-col dslc-first-col\" data-size=\"2\" data-valign=\"\"><\/div><div class=\"dslc-modules-area dslc-col dslc-8-col \" data-size=\"8\" data-valign=\"\">\n\t\t<div id=\"dslc-module-be2cea7fe17\" class=\"dslc-module-front dslc-module-DSLC_Text_Simple dslc-in-viewport-check dslc-in-viewport-anim-none  dslc-col dslc-12-col dslc-last-col  dslc-module-handle-like-regular \" data-module-id=\"be2cea7fe17\" data-module=\"DSLC_Text_Simple\" data-dslc-module-size=\"12\" data-dslc-anim=\"none\" data-dslc-anim-delay=\"\" data-dslc-anim-duration=\"650\"  data-dslc-anim-easing=\"ease\" data-dslc-preset=\"none\" >\n\n\t\t\t\n\t\t\t\n\t\t\r\n\t\t<div class=\"dslc-text-module-content\">\r\n\t\t\t<p>O mnie<\/p>\t\t<\/div>\r\n\r\n\t\t\n\t\t\t\t<\/div><!-- .dslc-module -->\n\t\t<\/div><\/div><\/div>\n\t\t<div  class=\"dslc-modules-section \" style=\"padding-bottom:20px;padding-top:20px;background-color:#ededed;\" data-section-id=\"32c6b585f87\">\n\t\t\t\t\n\t\t\t\t\n\t\t\t\t<div class=\"dslc-modules-section-wrapper dslc-clearfix\"><div class=\"dslc-modules-area dslc-col dslc-4-col dslc-first-col\" data-size=\"4\" data-valign=\"\">\n\t\t<div id=\"dslc-module-582520b0cee\" class=\"dslc-module-front dslc-module-DSLC_Image dslc-in-viewport-check dslc-in-viewport-anim-none  dslc-col dslc-12-col dslc-last-col  dslc-module-handle-like-regular \" data-module-id=\"582520b0cee\" data-module=\"DSLC_Image\" data-dslc-module-size=\"12\" data-dslc-anim=\"none\" data-dslc-anim-delay=\"\" data-dslc-anim-duration=\"650\"  data-dslc-anim-easing=\"ease\" data-dslc-preset=\"none\" >\n\n\t\t\t\n\t\t\t\n\t\t\t\t<div class=\"dslc-image-container\">\r\n\t\t<div class=\"dslc-image\">\r\n\r\n\t\t\t\r\n\t\t\t\t\r\n\t\t\t\t\t\t\t\t\t<img src=\"https:\/\/gpm3.eu\/polish\/wp-content\/uploads\/sites\/2\/2019\/03\/gasik.jpg\" alt=\"\" title=\"\" srcset=\"https:\/\/gpm3.eu\/polish\/wp-content\/uploads\/sites\/2\/2019\/03\/gasik.jpg 332w, https:\/\/gpm3.eu\/polish\/wp-content\/uploads\/sites\/2\/2019\/03\/gasik-150x150.jpg 150w, https:\/\/gpm3.eu\/polish\/wp-content\/uploads\/sites\/2\/2019\/03\/gasik-300x300.jpg 300w\" sizes=\"(max-width: 332px) 100vw, 332px\" \/>\r\n\t\t\t\t\r\n\t\t\t\t\t\t\t\t\t<\/div><!-- .dslc-image -->\r\n\t\t<\/div>\r\n\t\t\n\t\t\t\t<\/div><!-- .dslc-module -->\n\t\t<\/div><div class=\"dslc-modules-area dslc-col dslc-8-col dslc-last-col\" data-size=\"8\" data-valign=\"\">\n\t\t<div id=\"dslc-module-79mqne9tfo\" class=\"dslc-module-front dslc-module-DSLC_Text_Simple dslc-in-viewport-check dslc-in-viewport-anim-none  dslc-col dslc-12-col dslc-last-col  dslc-module-handle-like-regular \" data-module-id=\"79mqne9tfo\" data-module=\"DSLC_Text_Simple\" data-dslc-module-size=\"12\" data-dslc-anim=\"none\" data-dslc-anim-delay=\"\" data-dslc-anim-duration=\"650\"  data-dslc-anim-easing=\"ease\" data-dslc-preset=\"none\" >\n\n\t\t\t\n\t\t\t\n\t\t\r\n\t\t<div class=\"dslc-text-module-content\">\r\n\t\t\t<p>dr Stanis\u0142aw Gasik, PMP<\/p>\t\t<\/div>\r\n\r\n\t\t\n\t\t\t\t<\/div><!-- .dslc-module -->\n\t\t\n\t\t<div id=\"dslc-module-pebv498sv3\" class=\"dslc-module-front dslc-module-DSLC_Text_Simple dslc-in-viewport-check dslc-in-viewport-anim-none  dslc-col dslc-12-col dslc-last-col  dslc-module-handle-like-regular \" data-module-id=\"pebv498sv3\" data-module=\"DSLC_Text_Simple\" data-dslc-module-size=\"12\" data-dslc-anim=\"none\" data-dslc-anim-delay=\"\" data-dslc-anim-duration=\"950\"  data-dslc-anim-easing=\"ease\" data-dslc-preset=\"none\" >\n\n\t\t\t\n\t\t\t\n\t\t\r\n\t\t<div class=\"dslc-text-module-content\">\r\n\t\t\t<p>Dr Stanis\u0142aw Gasik, PMP, jest mi\u0119dzynarodowym ekspertem w zakresie projekt\u00f3w rz\u0105dowych. Jest autorem prze\u0142omowej w skali \u015bwiatowej platformy realizacji rz\u0105dowych projekt\u00f3w wraz z najwa\u017cniejszym jej elementem - Modelem Dojrza\u0142o\u015bci Rz\u0105dowego Zarz\u0105dzania Projektami (MDRZP, ang. GPM3). Posiada ponad 30-letnie do\u015bwiadczenie w obszarze zarz\u0105dzania projektami, programami i portfelami projekt\u00f3w. Wsp\u00f3\u0142pracuje z PMI w obszarze rozwoju standard\u00f3w. Jest znacz\u0105cym wsp\u00f3\u0142autorem, cz\u0142onkiem zespo\u0142\u00f3w i recenzentem PMBOK\u00ae Guide - g\u0142\u00f3wnego globalnego standardu zarz\u0105dzania projektami, standardu zarz\u0105dzania programami, standardu zarz\u0105dzania portfelem i modelu dojrza\u0142o\u015bci organizacyjnego zarz\u0105dzania projektami (OPM3\u00ae).<\/p><p>Od 2014 roku jest ekspertem ds. projekt\u00f3w w Governmental Accountability Office, instytucji Kongresu Stan\u00f3w Zjednoczonych (odpowiednik Najwy\u017cszej Izby Kontroli). Uczestniczy jako wyk\u0142adowca w\u00a0 globalnych kongresach i konferencji PMI i IPMA (International Project Management Association).<\/p>\t\t<\/div>\r\n\r\n\t\t\n\t\t\t\t<\/div><!-- .dslc-module -->\n\t\t<\/div><div class=\"dslc-modules-area dslc-col dslc-12-col dslc-last-col\" data-size=\"12\" data-valign=\"\">\n\t\t<div id=\"dslc-module-1392d017505\" class=\"dslc-module-front dslc-module-DSLC_Separator dslc-in-viewport-check dslc-in-viewport-anim-none  dslc-col dslc-12-col dslc-last-col  dslc-module-handle-like-regular \" data-module-id=\"1392d017505\" data-module=\"DSLC_Separator\" data-dslc-module-size=\"12\" data-dslc-anim=\"none\" data-dslc-anim-delay=\"\" data-dslc-anim-duration=\"650\"  data-dslc-anim-easing=\"ease\" data-dslc-preset=\"none\" >\n\n\t\t\t\n\t\t\t\n\t\t\t\t\t<div class=\"dslc-separator-wrapper\">\r\n\t\t\t\t<div class=\"dslc-separator dslc-separator-style-invisible\">\r\n\t\t\t\t\t\t\t\t\t<\/div>\r\n\t\t\t\t<div><\/div>\r\n\t\t\t<\/div><!-- .dslc-separator-wrapper -->\r\n\t\t\t\n\t\t\t\t<\/div><!-- .dslc-module -->\n\t\t\n\t\t<div id=\"dslc-module-i2ccf5bch58\" class=\"dslc-module-front dslc-module-DSLC_Text_Simple dslc-in-viewport-check dslc-in-viewport-anim-none  dslc-col dslc-6-col  dslc-module-handle-like-regular \" data-module-id=\"i2ccf5bch58\" data-module=\"DSLC_Text_Simple\" data-dslc-module-size=\"6\" data-dslc-anim=\"none\" data-dslc-anim-delay=\"\" data-dslc-anim-duration=\"950\"  data-dslc-anim-easing=\"ease\" data-dslc-preset=\"none\" >\n\n\t\t\t\n\t\t\t\n\t\t\r\n\t\t<div class=\"dslc-text-module-content\">\r\n\t\t\t<p>Trzy innowacyjne modele stworzone przez dr Stanis\u0142awa Gasika koncentruj\u0105 si\u0119 w szczeg\u00f3lno\u015bci na rz\u0105dowym zarz\u0105dzaniu projektami. System Realizacji Projekt\u00f3w Rz\u0105dowych (SRPR), koncepcja Zarz\u0105dzania Projektami Rz\u0105dowymi (ZPR) oraz Model Dojrza\u0142o\u015bci Zarz\u0105dzania Projektami Rz\u0105dowymi (MDZPR) powsta\u0142y w wyniku ponad trzyletniego projektu prowadzonego dla Narodowego Centrum Nauki.<\/p><p>Analiza praktyk w ponad 60 krajach na ca\u0142ym \u015bwiecie, poprzez bezpo\u015brednie wywiady, badania wt\u00f3rne i ankiety, przynios\u0142a unikaln\u0105 wiedz\u0119 dotycz\u0105c\u0105 obszaru, kt\u00f3ry wcze\u015bniej nie by\u0142 analizowany w takiej skali.<\/p><p>Artyku\u0142y dr Stanis\u0142awa Gasika by\u0142y t\u0142umaczone na j\u0119zyki w\u0142oski, hiszpa\u0144ski i portugalski.<\/p>\t\t<\/div>\r\n\r\n\t\t\n\t\t\t\t<\/div><!-- .dslc-module -->\n\t\t\n\t\t<div id=\"dslc-module-d0vvt1jtlkg\" class=\"dslc-module-front dslc-module-DSLC_Text_Simple dslc-in-viewport-check dslc-in-viewport-anim-none  dslc-col dslc-6-col dslc-last-col  dslc-module-handle-like-regular \" data-module-id=\"d0vvt1jtlkg\" data-module=\"DSLC_Text_Simple\" data-dslc-module-size=\"6\" data-dslc-anim=\"none\" data-dslc-anim-delay=\"\" data-dslc-anim-duration=\"950\"  data-dslc-anim-easing=\"ease\" data-dslc-preset=\"none\" >\n\n\t\t\t\n\t\t\t\n\t\t\r\n\t\t<div class=\"dslc-text-module-content\">\r\n\t\t\t<p>Podstaw\u0105 pracy naukowej dr Stanis\u0142awa Gasika jest wieloletnia praca w obszarze zarz\u0105dzania projektami i programami oraz analizy biznesowej w bran\u017cy IT i telekomunikacyjnej. Jest uznanym specjalist\u0105, kt\u00f3ry otrzymywa\u0142 nagrody zawodowe. W 2010 roku zosta\u0142 wyr\u00f3\u017cniony nagrod\u0105 PMI Poland Chapter Knowledge Award. Opracowa\u0142 m.in. jedyny pe\u0142ny w skali globalnej model zarz\u0105dzania wiedz\u0105 o projektach, opublikowany w PMI Project Management Journal. Na podstawie tego modelu uzyska\u0142 stopie\u0144 doktora na Uniwersytecie Warszawskim w dziedzinie ekonomii ze specjalno\u015bci\u0105 zarz\u0105dzania projektami.<\/p><p>Dr Stanis\u0142aw Gasik opublikowa\u0142 w polskiej prasie (g\u0142\u00f3wnie w \u201eRzeczpospolitej\u201d i \u201eDzienniku Gazecie Prawnej\u201d) wiele artyku\u0142\u00f3w dotycz\u0105cych zarz\u0105dzania projektami publicznymi, zarz\u0105dzania efektywno\u015bci\u0105 i zakup\u00f3w w polskiej administracji publicznej.<\/p>\t\t<\/div>\r\n\r\n\t\t\n\t\t\t\t<\/div><!-- .dslc-module -->\n\t\t\n\t\t<div id=\"dslc-module-hlr9pkp49o8\" class=\"dslc-module-front dslc-module-DSLC_Text_Simple dslc-in-viewport-check dslc-in-viewport-anim-none  dslc-col dslc-12-col dslc-last-col  dslc-module-handle-like-regular \" data-module-id=\"hlr9pkp49o8\" data-module=\"DSLC_Text_Simple\" data-dslc-module-size=\"12\" data-dslc-anim=\"none\" data-dslc-anim-delay=\"\" data-dslc-anim-duration=\"650\"  data-dslc-anim-easing=\"ease\" data-dslc-preset=\"none\" >\n\n\t\t\t\n\t\t\t\n\t\t\r\n\t\t<div class=\"dslc-text-module-content\">\r\n\t\t\t<h3 style=\"text-align: center;\"><strong>Wk\u0142ad w tworzenie ameryka\u0144skich i globalnych standard\u00f3w zarz\u0105dzania projektami<\/strong><\/h3><h6><span style=\"color: #808080;\"><a style=\"color: #808080;\" href=\"https:\/\/www.gao.gov\/assets\/710\/705312.pdf\">US Government Accountability Office (GAO, Instytucja Kongresu USA) Cost Estimating and Assessment Guide, Marzec 2020, Znacz\u0105cy wsp\u00f3\u0142autor<\/a><\/span><br><span style=\"color: #808080;\"><a style=\"color: #808080;\" href=\"http:\/\/www.sybena.pl\/dokumenty\/PMBOK.5%20Significant%20Contributors.png\">A Guide to Project Management Body of Knowledge (PMBOK\u00ae Guide), 5. wydanie, 2013, Znacz\u0105cy wsp\u00f3\u0142autor<\/a><\/span><br><span style=\"color: #808080;\"><a style=\"color: #808080;\" href=\"http:\/\/www.sybena.pl\/dokumenty\/Programs.3%20Significant%20Contributors.png\">Standard Zarz\u0105dzania Programami, 3. wydanie, 2013, Znacz\u0105cy wsp\u00f3\u0142autor<\/a><\/span><br><span style=\"color: #808080;\"><a style=\"color: #808080;\" href=\"http:\/\/www.sybena.pl\/dokumenty\/OPM3.2%20TeamMembers.png\">Model Dojrza\u0142o\u015bci Organizacyjnego Zarz\u0105dzania Projektami (OPM3\u00ae), 2. wydanie, 2008, Cz\u0142onek zespo\u0142u<\/a><\/span><br><span style=\"color: #808080;\"><a style=\"color: #808080;\" href=\"http:\/\/www.sybena.pl\/dokumenty\/PMBOK.4-Gasik-Reviewer.png\">A Guide to Project Management Body of Knowledge (PMBOK\u00ae Guide), 4 wydanie, 2008, Recenzent<\/a><\/span><br><span style=\"color: #808080;\"><a style=\"color: #808080;\" href=\"http:\/\/www.sybena.pl\/dokumenty\/Portfolio.2-Gasik-Reviewer.png\">Standard Zarz\u0105dzania Portfelami, 2 wydanie, 2008, Recenzent<\/a><\/span><br><span style=\"color: #808080;\"><a style=\"color: #808080;\" href=\"http:\/\/www.sybena.pl\/dokumenty\/PMBOK.3%20Team%20Members.png\">A Guide to Project Management Body of Knowledge (PMBOK\u00ae Guide), 1 wydanie, 2004, Cz\u0142onek zespo\u0142u ulepszaj\u0105cego<\/a><\/span><br><span style=\"color: #808080;\">Standard Zarz\u0105dzania Programami, 1. wydanie, 2006,\u00a0Recenzent<\/span><br><span style=\"color: #808080;\"><a style=\"color: #808080;\" href=\"http:\/\/www.sybena.pl\/dokumenty\/Portfolio.1%20Contributors.png\">Standard Zarz\u0105dzania Portfelami, 1. wydanie, 2006, Recenzent<\/a><\/span><\/h6>\t\t<\/div>\r\n\r\n\t\t\n\t\t\t\t<\/div><!-- .dslc-module -->\n\t\t<\/div><\/div><\/div>\n\t\t<div  class=\"dslc-modules-section \" style=\"\" data-section-id=\"af1a82baff7\">\n\t\t\t\t\n\t\t\t\t\n\t\t\t\t<div class=\"dslc-modules-section-wrapper dslc-clearfix\"><div class=\"dslc-modules-area dslc-col dslc-12-col dslc-last-col\" data-size=\"12\" data-valign=\"\"><\/div><\/div><\/div><\/div>","protected":false},"excerpt":{"rendered":"<p>O mnie dr Stanis\u0142aw Gasik, PMP Dr Stanis\u0142aw Gasik, PMP, jest mi\u0119dzynarodowym ekspertem w zakresie projekt\u00f3w rz\u0105dowych. Jest autorem prze\u0142omowej w skali \u015bwiatowej platformy realizacji rz\u0105dowych projekt\u00f3w wraz z najwa\u017cniejszym jej elementem &#8211; Modelem Dojrza\u0142o\u015bci Rz\u0105dowego Zarz\u0105dzania Projektami (MDRZP, ang. GPM3). Posiada ponad 30-letnie do\u015bwiadczenie w obszarze zarz\u0105dzania projektami, programami i portfelami projekt\u00f3w. Wsp\u00f3\u0142pracuje z [&hellip;]<\/p>\n","protected":false},"author":1,"featured_media":0,"parent":0,"menu_order":0,"comment_status":"closed","ping_status":"closed","template":"","meta":{"footnotes":""},"class_list":["post-11","page","type-page","status-publish","hentry"],"yoast_head":"<!-- This site is optimized with the Yoast SEO plugin v24.6 - https:\/\/yoast.com\/wordpress\/plugins\/seo\/ -->\n<title>O mnie - PL | gpm3.eu\/polish<\/title>\n<meta name=\"description\" content=\"Dr Stanis\u0142aw Gasik, PMP, jest mi\u0119dzynarodowym ekspertem w zakresie projekt\u00f3w rz\u0105dowych. Jest autorem prze\u0142omowej w skali \u015bwiatowej platformy realizacji rz\u0105dowych projekt\u00f3w wraz z najwa\u017cniejszym jej elementem - modelem dojrza\u0142o\u015bci GPM3.\" \/>\n<meta name=\"robots\" content=\"index, follow, max-snippet:-1, max-image-preview:large, max-video-preview:-1\" \/>\n<link rel=\"canonical\" href=\"http:\/\/gpm3.eu\/polish\/o-mnie\/\" \/>\n<meta property=\"og:locale\" content=\"pl_PL\" \/>\n<meta property=\"og:type\" content=\"article\" \/>\n<meta property=\"og:title\" content=\"O mnie - PL | gpm3.eu\/polish\" \/>\n<meta property=\"og:description\" content=\"Dr Stanis\u0142aw Gasik, PMP, jest mi\u0119dzynarodowym ekspertem w zakresie projekt\u00f3w rz\u0105dowych. Jest autorem prze\u0142omowej w skali \u015bwiatowej platformy realizacji rz\u0105dowych projekt\u00f3w wraz z najwa\u017cniejszym jej elementem - modelem dojrza\u0142o\u015bci GPM3.\" \/>\n<meta property=\"og:url\" content=\"http:\/\/gpm3.eu\/polish\/o-mnie\/\" \/>\n<meta property=\"og:site_name\" content=\"PL | gpm3.eu\/polish\" \/>\n<meta property=\"article:modified_time\" content=\"2019-06-21T12:31:54+00:00\" \/>\n<meta name=\"twitter:card\" content=\"summary_large_image\" \/>\n<script type=\"application\/ld+json\" class=\"yoast-schema-graph\">{\"@context\":\"https:\/\/schema.org\",\"@graph\":[{\"@type\":\"WebPage\",\"@id\":\"http:\/\/gpm3.eu\/polish\/o-mnie\/\",\"url\":\"http:\/\/gpm3.eu\/polish\/o-mnie\/\",\"name\":\"O mnie - PL | gpm3.eu\/polish\",\"isPartOf\":{\"@id\":\"https:\/\/gpm3.eu\/polish\/#website\"},\"datePublished\":\"2019-03-21T13:28:02+00:00\",\"dateModified\":\"2019-06-21T12:31:54+00:00\",\"description\":\"Dr Stanis\u0142aw Gasik, PMP, jest mi\u0119dzynarodowym ekspertem w zakresie projekt\u00f3w rz\u0105dowych. Jest autorem prze\u0142omowej w skali \u015bwiatowej platformy realizacji rz\u0105dowych projekt\u00f3w wraz z najwa\u017cniejszym jej elementem - modelem dojrza\u0142o\u015bci GPM3.\",\"breadcrumb\":{\"@id\":\"http:\/\/gpm3.eu\/polish\/o-mnie\/#breadcrumb\"},\"inLanguage\":\"pl-PL\",\"potentialAction\":[{\"@type\":\"ReadAction\",\"target\":[\"http:\/\/gpm3.eu\/polish\/o-mnie\/\"]}]},{\"@type\":\"BreadcrumbList\",\"@id\":\"http:\/\/gpm3.eu\/polish\/o-mnie\/#breadcrumb\",\"itemListElement\":[{\"@type\":\"ListItem\",\"position\":1,\"name\":\"Home\",\"item\":\"https:\/\/gpm3.eu\/polish\/\"},{\"@type\":\"ListItem\",\"position\":2,\"name\":\"O mnie\"}]},{\"@type\":\"WebSite\",\"@id\":\"https:\/\/gpm3.eu\/polish\/#website\",\"url\":\"https:\/\/gpm3.eu\/polish\/\",\"name\":\"PL | gpm3.eu\/polish\",\"description\":\"gpm3.eu\/polish\",\"potentialAction\":[{\"@type\":\"SearchAction\",\"target\":{\"@type\":\"EntryPoint\",\"urlTemplate\":\"https:\/\/gpm3.eu\/polish\/?s={search_term_string}\"},\"query-input\":{\"@type\":\"PropertyValueSpecification\",\"valueRequired\":true,\"valueName\":\"search_term_string\"}}],\"inLanguage\":\"pl-PL\"}]}<\/script>\n<!-- \/ Yoast SEO plugin. -->","yoast_head_json":{"title":"O mnie - PL | gpm3.eu\/polish","description":"Dr Stanis\u0142aw Gasik, PMP, jest mi\u0119dzynarodowym ekspertem w zakresie projekt\u00f3w rz\u0105dowych. Jest autorem prze\u0142omowej w skali \u015bwiatowej platformy realizacji rz\u0105dowych projekt\u00f3w wraz z najwa\u017cniejszym jej elementem - modelem dojrza\u0142o\u015bci GPM3.","robots":{"index":"index","follow":"follow","max-snippet":"max-snippet:-1","max-image-preview":"max-image-preview:large","max-video-preview":"max-video-preview:-1"},"canonical":"http:\/\/gpm3.eu\/polish\/o-mnie\/","og_locale":"pl_PL","og_type":"article","og_title":"O mnie - PL | gpm3.eu\/polish","og_description":"Dr Stanis\u0142aw Gasik, PMP, jest mi\u0119dzynarodowym ekspertem w zakresie projekt\u00f3w rz\u0105dowych. Jest autorem prze\u0142omowej w skali \u015bwiatowej platformy realizacji rz\u0105dowych projekt\u00f3w wraz z najwa\u017cniejszym jej elementem - modelem dojrza\u0142o\u015bci GPM3.","og_url":"http:\/\/gpm3.eu\/polish\/o-mnie\/","og_site_name":"PL | gpm3.eu\/polish","article_modified_time":"2019-06-21T12:31:54+00:00","twitter_card":"summary_large_image","schema":{"@context":"https:\/\/schema.org","@graph":[{"@type":"WebPage","@id":"http:\/\/gpm3.eu\/polish\/o-mnie\/","url":"http:\/\/gpm3.eu\/polish\/o-mnie\/","name":"O mnie - PL | gpm3.eu\/polish","isPartOf":{"@id":"https:\/\/gpm3.eu\/polish\/#website"},"datePublished":"2019-03-21T13:28:02+00:00","dateModified":"2019-06-21T12:31:54+00:00","description":"Dr Stanis\u0142aw Gasik, PMP, jest mi\u0119dzynarodowym ekspertem w zakresie projekt\u00f3w rz\u0105dowych. Jest autorem prze\u0142omowej w skali \u015bwiatowej platformy realizacji rz\u0105dowych projekt\u00f3w wraz z najwa\u017cniejszym jej elementem - modelem dojrza\u0142o\u015bci GPM3.","breadcrumb":{"@id":"http:\/\/gpm3.eu\/polish\/o-mnie\/#breadcrumb"},"inLanguage":"pl-PL","potentialAction":[{"@type":"ReadAction","target":["http:\/\/gpm3.eu\/polish\/o-mnie\/"]}]},{"@type":"BreadcrumbList","@id":"http:\/\/gpm3.eu\/polish\/o-mnie\/#breadcrumb","itemListElement":[{"@type":"ListItem","position":1,"name":"Home","item":"https:\/\/gpm3.eu\/polish\/"},{"@type":"ListItem","position":2,"name":"O mnie"}]},{"@type":"WebSite","@id":"https:\/\/gpm3.eu\/polish\/#website","url":"https:\/\/gpm3.eu\/polish\/","name":"PL | gpm3.eu\/polish","description":"gpm3.eu\/polish","potentialAction":[{"@type":"SearchAction","target":{"@type":"EntryPoint","urlTemplate":"https:\/\/gpm3.eu\/polish\/?s={search_term_string}"},"query-input":{"@type":"PropertyValueSpecification","valueRequired":true,"valueName":"search_term_string"}}],"inLanguage":"pl-PL"}]}},"_links":{"self":[{"href":"https:\/\/gpm3.eu\/polish\/wp-json\/wp\/v2\/pages\/11","targetHints":{"allow":["GET"]}}],"collection":[{"href":"https:\/\/gpm3.eu\/polish\/wp-json\/wp\/v2\/pages"}],"about":[{"href":"https:\/\/gpm3.eu\/polish\/wp-json\/wp\/v2\/types\/page"}],"author":[{"embeddable":true,"href":"https:\/\/gpm3.eu\/polish\/wp-json\/wp\/v2\/users\/1"}],"replies":[{"embeddable":true,"href":"https:\/\/gpm3.eu\/polish\/wp-json\/wp\/v2\/comments?post=11"}],"version-history":[{"count":2,"href":"https:\/\/gpm3.eu\/polish\/wp-json\/wp\/v2\/pages\/11\/revisions"}],"predecessor-version":[{"id":360,"href":"https:\/\/gpm3.eu\/polish\/wp-json\/wp\/v2\/pages\/11\/revisions\/360"}],"wp:attachment":[{"href":"https:\/\/gpm3.eu\/polish\/wp-json\/wp\/v2\/media?parent=11"}],"curies":[{"name":"wp","href":"https:\/\/api.w.org\/{rel}","templated":true}]}}